Suppose -7*h + 5*h + 4 = 0. Suppose -3*p = -h*p - 4. Suppose -g = -r + p, -4*r = -0*r + g - 6. Let b(c) = 6*c. Determine b(r).
12
Let c(k) = 3*k - 13. Let q(n) = 2*n**3 - 44*n**2 + n - 25. Let r be q(22). Calculate c(r).
-22
Let d be 4*(-1)/(-2) + 17 + -21. Let g(z) = z**2 - 5*z - 9. Give g(d).
5
Let u(s) = 90 + s**3 - 20 - 13*s**2 - 27 - 29*s - 23 - 27. What is u(15)?
8
Let i(l) be the second derivative of 5*l**3/6 + 3*l**2/2 - l + 47. Calculate i(4).
23
Let x(t) = -t**3 - 4*t**2 + 4*t - 2. Suppose b - 8 = -18. Let n be 6*b/(-4) + 0. Let a = 10 - n. What is x(a)?
3
Let y(n) be the third derivative of -n**9/60480 - n**8/4032 + n**7/720 + n**6/80 - n**5/60 + n**2. Let r(t) be the third derivative of y(t). Determine r(-6).
3
Let g(m) = 33*m - 5. Let b be g(15). Let l(h) = h - b + 490. Calculate l(-8).
-8
Let b = 105 - 113. Let l(y) be the first derivative of y**3/3 + 7*y**2/2 - 5*y + 7. Calculate l(b).
3
Let g be (-1 - -11) + -4 + 1. Let q(n) = -n**3 - 4*n**2 + 0*n + g - n**2 - 2*n + 10*n. Let x be 10/45 + 56/(-9). Give q(x).
-5
Let s(g) = -11*g**2 + 2*g**2 + 1 + 3*g**2 + g. Suppose -3*q + 2*q + 8 = h, 3*h - 3*q = 0. Suppose 12 = h*w, 5*v + 4*w = 2 + 5. Calculate s(v).
-6
Let x(f) = -f**2 - 7*f + 4. Suppose -55*b - 84 = -41*b. Determine x(b).
10
Suppose 5*i - 15 = -0. Suppose i*y - a - 5 + 1 = 0, 0 = -2*a - 2. Let b(z) = 7*z**3 + 0*z**3 + z - z**2 - 3*z**3 - z**2. What is b(y)?
3
Let b = 1060 - 1065. Let h(n) = n**2 + 5*n - 6. Give h(b).
-6
Let r(g) = 3 + 8*g + g**2 - 11*g - 12*g + 8. Determine r(8).
-45
Let m(y) = y**3 - 3*y**2 - 7*y + 6. Let c(n) = 11*n + 137. Let p be c(-12). Calculate m(p).
21
Suppose 10*p - 67*p - 399 = 0. Let h(c) = c**3 + 7*c**2 - c - 14. Give h(p).
-7
Let l be (-5)/20*2 + (-5)/2. Let d(x) = 3*x**2 - 3*x - 3. Let a(s) = 5*s**2 - 5*s - 5. Let t(k) = -5*a(k) + 8*d(k). Calculate t(l).
-11
Let w(y) = -6*y + 20. Let a(s) = -7*s + 20. Let j(r) = 5*a(r) - 6*w(r). What is j(10)?
-10
Let g be (-6)/(-5)*10/(-2). Let m(j) = -7*j - 9. Let d(q) = 21*q + 26. Let a(u) = u. Let p(n) = a(n) - d(n). Let w(v) = -17*m(v) + 6*p(v). Calculate w(g).
3
Suppose 3 = 5*s - 7. Let i(n) = -1 - s*n + 0*n + n - 1. Calculate i(-1).
-1
Let b(x) = 3*x**2 + 15*x + 86. Let a(y) = 2*y**2 + 9*y + 57. Let n(u) = -7*a(u) + 5*b(u). What is n(-4)?
-1
Let d = -800 + 801. Let k(o) be the first derivative of 2*o**2 + o + 3. What is k(d)?
5
Let a(v) be the second derivative of -2*v**3 + v**2/2 + 6*v. Calculate a(1).
-11
Let j(f) = -8*f + 3. Let t = 34 - 32. Determine j(t).
-13
Let c = -203 - -198. Let h(f) = -1 - f + 6*f - 6*f. What is h(c)?
4
Let m(u) be the second derivative of -u**5/4 + u**4/12 + u**3/6 + u**2/2 + 2*u + 11. Calculate m(2).
-33
Let t(c) = -4*c - 1. Let b = 12 - 6. Let j be (b/4)/(-3)*-6. Give t(j).
-13
Let n = 56 + -67. Let v(r) = -2*r + 1. Determine v(n).
23
Suppose -4*z = 9 - 1. Let b(l) = l**2 - l. Let m(a) = 4*a**2 - 7*a + 1. Let k = -20 - -21. Let i(u) = k*m(u) - 5*b(u). Give i(z).
1
Let w(v) = 10*v + 85. Let t be w(-9). Let m(d) = d + 7. Calculate m(t).
2
Let q(z) = z**2 - z + 5. Let t be (4/8)/((-2)/32). Let j(d) = -d**2 - 8*d + 1. Let k be j(t). Let i be k - (2 - (-1 + 2)). What is q(i)?
5
Let a be 2 - (4 - 1) - -1. Suppose -s - 4*l - l + 35 = a, 0 = 5*s + 3*l - 87. Suppose -6*m = -3*m + s. Let b(h) = h**2 + 7*h + 3. What is b(m)?
-7
Let y(t) = t**3 + 4*t**2 - 5*t - 2. Suppose 5*i + 9 + 19 = 2*o, -16 = -2*o + 2*i. Let h be (-16)/24*(26/o - -1). Give y(h).
-2
Let k(p) be the second derivative of -p**8/6720 - p**7/1260 + p**6/144 + p**5/60 - 2*p**4/3 - 11*p. Let m(z) be the third derivative of k(z). Determine m(-4).
14
Let t(v) be the first derivative of v**2/2 - v + 2048. Let h = -16 - -10. Calculate t(h).
-7
Let h(i) = -2*i**2 + 5*i. Let b(l) = l**3 - 18*l**2 - 41*l + 24. Let k be b(20). What is h(k)?
-12
Let b(l) be the second derivative of l**5/20 - 7*l**4/12 - 3*l**3/2 + 9*l**2/2 + l. Let h be b(8). Let j(p) = 0*p + 7*p - 8*p - h + 2. Determine j(-6).
7
Let d(o) = -8*o**2 - 2*o - 5. Let n(r) = 15*r**2 + 3*r + 9. Let s(a) = 5*d(a) + 3*n(a). Let g be (1*9)/((-19 - -1) + 135/6). What is s(g)?
20
Let s = -316 + 311. Let c(b) = -b - 7. What is c(s)?
-2
Let b(i) = -i**2 + i + 5. Let a(t) = 2*t**2 - t - 11. Let r(x) = -2*a(x) - 5*b(x). Give r(3).
-3
Suppose -3*r - 7 = 6*d + 20, r + 5*d = -15. Let t(i) be the first derivative of -6*i - 1/3*i**3 + 2 - 4*i**2. Give t(r).
9
Let s(f) = 4*f - 161. Let i be s(45). Let a(j) = -j**2 + 19*j. What is a(i)?
0
Suppose 6*w - 4*w = 6. Let g(u) = u**2 - 5*u. Calculate g(w).
-6
Let o be (-146)/8 - (-21)/84. Let l(f) = -f - 19. Let i be l(o). Let y(v) = 2 + 2*v - 2*v**2 + 1 - 2. Determine y(i).
-3
Let j(n) = -7*n**3 + 6*n**2 - 2*n + 6. Let t(c) = -8*c**3 + 6*c**2 - c + 6. Suppose -42 = -m - 6*m. Let z(q) = m*t(q) - 7*j(q). Calculate z(5).
9
Suppose 19 = -3*t + 7. Let r be t/(-18) + (-549)/(-81). Let o(y) = -y + 4. Determine o(r).
-3
Let v(c) = -c**2 + c + 1. Suppose 0*d - d = -1. Let q be d/((-4)/(-8)*-2). Let m(u) = -4*u**2 - 1. Let f(x) = q*m(x) + 2*v(x). Calculate f(-2).
7
Let y(a) = 3 + 417702*a**2 + 2*a - a - 417703*a**2. Give y(-3).
-9
Let u(j) = 3 + 14538*j - j**3 - 14538*j. Determine u(0).
3
Let y(g) = -g - 4. Let u be (-2 - 72/(-10))/((-12)/(-30)). Let i = -20 + u. What is y(i)?
3
Let d be 4 + -1*(-2 + 4). Let x(o) = -24*o**2 + 67*o - 25. Let a(k) = 3*k**2 - 8*k + 3. Let r(p) = 17*a(p) + 2*x(p). Calculate r(d).
9
Let y(q) be the first derivative of q**3 + 1/4*q**4 - q + 6 + 1/2*q**2. What is y(-4)?
-21
Let k be (-62)/(-15) - (-8)/(-60). Let t(b) = 0 - 3 - 4*b + k. Determine t(4).
-15
Suppose -5*p - u = -42 + 10, 0 = 4*p - 4*u - 40. Suppose -3 = -5*o + 2*w + 12, 3 = o - 4*w. Let l(t) = 11*t + 1 - p*t - o*t - t**2. Determine l(3).
-5
Suppose 5*k + 23 = 4*h + 84, -5*h - 56 = -4*k. Let j(u) = u - 4. Calculate j(k).
5
Let g(u) = -u + 9. Let o be g(7). Let n(t) be the first derivative of 20 - t**2 - t - 12 + 2*t**o. What is n(-1)?
-3
Let b = -15 - -17. Suppose 5*r = -5*s - 10, b*r - 6*s + 14 = -3*s. Let w be r/5 + (-38)/(-10). Let y(i) = -i**3 + 2*i**2 + 5*i - 3. Give y(w).
3
Let a(i) = -i. Let b(p) = -2*p**2 + 4*p - 4. Let d be (2/(-4))/((-4)/(-8)). Let w(v) = d*b(v) - 3*a(v). Let f(o) be the first derivative of w(o). What is f(-1)?
-5
Let m(g) = 0*g**2 + 6*g**3 - 4*g**3 + 5*g**2 - g**3 - 2. Suppose 0 = -5*l + 2*l - 15. Calculate m(l).
-2
Let b(p) be the first derivative of -11*p**3/3 + p + 60. Calculate b(1).
-10
Let v(u) be the third derivative of -u**6/120 - 7*u**5/60 - 5*u**4/24 + u**3/2 + 15*u**2. Determine v(-4).
-25
Let r(p) = -p**2 + 6*p. Let x be r(6). Let v(z) be the second derivative of 1/12*z**4 + 0*z**3 - 3*z**2 - 2*z + 0. Give v(x).
-6
Let n(f) = -7*f**3 + 34*f**2 + 31*f - 17. Let c(h) = 4*h**3 - 17*h**2 - 15*h + 10. Let z(q) = -5*c(q) - 3*n(q). Calculate z(18).
1
Suppose -13 - 29 = -6*o. Let a(d) = -2*d**3 + 7*d**2 - 3*d + 5. Let c(t) = 3*t**3 - 10*t**2 + 4*t - 7. Let j(g) = o*a(g) + 5*c(g). Let h = 5 - 7. What is j(h)?
-10
Let v be ((-28)/(-35))/(6/(-30)). Let q(z) = 11*z + 42. What is q(v)?
-2
Let r(d) = -3*d - 16. Suppose -552 = 86*p - 17*p. Give r(p).
8
Let a(n) = -n**3 + 17*n**2 + 16*n + 19. Let x = -792 - -810. Calculate a(x).
-17
Let c = 15 + -12. Suppose -3*h + h = d - 2, 5*d = -c*h + 24. Let t(n) = -n**3 + n**2 + 9*n + 3. Let p(g) = g**2 - g. Let i(a) = -4*p(a) - t(a). Determine i(d).
3
Let i(t) = t**2 - 7*t - 12. Let q be i(9). Suppose 0*w + q = -w. Let o(p) = -p**3 - 5*p**2 + 6*p + 9. Calculate o(w).
9
Let w(t) be the first derivative of -t**3/3 + 11*t**2/2 - 5*t + 25. Calculate w(5).
25
Let b(d) = 8 + 0*d**2 + 22*d - d**2 - 19*d. Let r(k) = -k**2 + 3*k + 8. Let z(n) = 6*b(n) - 5*r(n). Give z(6).
-10
Let x = 26 + -16. Suppose -3*f + 8*f = x. Let v(u) be the first derivative of u**3/3 - 2*u**2 + 3*u + 3. Determine v(f).
-1
Let n(p) = 5*p**2 + p + 1. Let y = -100 + 104. Suppose -3*o + 11 = y*r, -2*r - 3*o = -5*o + 12. Calculate n(r).
5
Suppose 48 = -10*h + 8. Let i(d) = -4*d**3 + 3*d**3 - 4*d - 6*d**2 + d**2 - 2. Calculate i(h).
-2
Let y be ((88/(-5))/22)/(0 - (-4)/10). Let o(t) = 2*t**2 - 2*t - 2. Let i be o(2). Let j(n) = -4*n**i - n**3 + n + 0*n**3 + 0*n. Determine j(y).
-10
Let x(q) be the first derivative of q**2/2 - 3*q - 29. Give x(-3).
-6
Let i(l) = -l**3 + 12*l**2 - 7*l 